. List the prime factors of n.
2, 5, 193
Let h = 271 + -106. What are the prime factors of h?
3, 5, 11
Suppose 0 = 10*b + 32*b - 117222. What are the prime factors of b?
2791
Let u = 894 - 852. List the prime factors of u.
2, 3, 7
Let g(w) = -12*w + 1496. List the prime factors of g(0).
2, 11, 17
Suppose -52*f = -55*f + 6. Suppose 257 = f*g - k, 7*g = 2*g - 3*k + 637. List the prime factors of g.
2
Let m be (0 + 2)*6*15/(-3). Let u = 105 + m. List the prime factors of u.
3, 5
Let i be -12*3/2*8/(-48). Suppose -f + 5*j + 37 = 0, -i*j - 58 = -2*f - j. List the prime factors of f.
3
Suppose -2*u + 4*d + 2330 = 0, -16*d + 19*d = 3*u - 3480. List the prime factors of u.
3, 5, 7, 11
Suppose 3*q - 3*x - 4092 = 1980, 4*q - 8084 = x. List the prime factors of q.
2, 5, 101
Let v = -564 - -1311. What are the prime factors of v?
3, 83
List the prime factors of (-12)/9*36/(-16)*68.
2, 3, 17
Let b(x) = 20*x + 23. Let y be b(-5). Suppose 2*t - 2*g = 252, 3*t + 0*g - 358 = -g. Let p = y + t. List the prime factors of p.
2, 11
Suppose -3*w + n - 2 = 0, 3*w - 5*n + 6 = -2*n. Let l = w + -3. List the prime factors of l/6 - (-74)/4.
2, 3
Let n(r) = 3*r + 41. Suppose 6*m + m = 91. List the prime factors of n(m).
2, 5
Let c = -39 + 9. Let s = c - -16. Let k = -3 - s. What are the prime factors of k?
11
Suppose 17*h - 36 = 14*h. Suppose -5*k - 2*d + 76 + 101 = 0, h = -3*d. Suppose b + 27 = -2*p + 108, p - 3*b = k. What are the prime factors of p?
2, 5
Let r(k) = 7*k + 12*k + 6*k + 3*k - 21. What are the prime factors of r(8)?
7, 29
Suppose 35*k - 4832 = 3*k. List the prime factors of k.
151
Let z(p) = p**3 - 2*p**2 - 2*p - 4. Let g be z(3). Let d be g/(-4 - -5) - -3. What are the prime factors of d/14 + 90/7?
13
Let y(q) = 6*q - q - 2*q + 2*q**2 + 1. What are the prime factors of y(-6)?
5, 11
Let k(m) = -18*m + 2. Let h(x) be the second derivative of x**3/6 + x**2/2 + 11*x. Let j(b) = 6*h(b) + k(b). What are the prime factors of j(-5)?
2, 17
Suppose -6*b + 2*b + 580 = 0. Let m = -41 + b. Suppose -5*v - m = -4*l, 0*v = -4*v - 16. List the prime factors of l.
3, 7
Suppose 2754 = 23*o + 31*o. What are the prime factors of o?
3, 17
Suppose 0 = l - n - 527, 0 = -5*l - 5*n - 256 + 2871. What are the prime factors of l?
3, 5, 7
Suppose 3*t = -5*u - 0*t, -2*u + 3*t = -21. Suppose u*b = 4*y + b - 16, 4*y + 3*b = 26. Suppose 177 - 67 = y*j. List the prime factors of j.
2, 11
Let w(r) = -35*r + 7. Let l be w(-3). Suppose -4*n + 260 = -l. List the prime factors of n.
3, 31
Suppose 0 = c - 4*c - 4*p + 213, -5*p + 216 = 3*c. Suppose -228 - c = -5*g. List the prime factors of g.
59
Suppose 7*w - 37 = -16. Suppose 7*o = w*o + 132. What are the prime factors of o?
3, 11
Let l(y) = 0 - 9*y - 4*y - 14 + 2*y**2. Let x(c) = 3*c**2 - 13*c - 14. Let z(o) = 4*l(o) - 3*x(o). What are the prime factors of z(-10)?
2
Let r(y) be the second derivative of y**4/12 - 5*y**3/6 + 7*y**2/2 + 9*y. What are the prime factors of r(4)?
3
Let l(d) = 8*d**3 - 5*d**2 + 10*d - 19. What are the prime factors of l(4)?
3, 151
Let r be (-10)/(-3)*(-36)/(-30). Suppose -n = -r*i + 37, 0*i = -3*i + 4*n + 31. What are the prime factors of i?
3
Let a = -406 + 1153. List the prime factors of a.
3, 83
Let r = -6 - -3. Let b(u) = -24*u + 84. Let n be b(3). List the prime factors of r/((10/n)/(-5)).
2, 3
Let y(g) = -225*g - 320. List the prime factors of y(-17).
5, 701
Suppose 4*i - 3 = 3*i. Suppose 3*w = -i*w + 108. Let g = -11 + w. List the prime factors of g.
7
Suppose 21077 = -4*u - r, 0*u + 4*r = -4*u - 21080. List the prime factors of 8/(-10) + u/(-55).
5, 19
Let l(t) = 42 + 0*t**3 + 4*t**2 - 41 + t**3 - 5*t. List the prime factors of l(2).
3, 5
Suppose 2*m = 0, u = -2*m - 0*m - 17. Let k = 7 + u. Let y(n) = -n**2 - 10*n + 9. What are the prime factors of y(k)?
3
Suppose -5*p + 8 = -p. Suppose 236 = 2*k - p*t, -t - 2*t = k - 106. List the prime factors of k.
5, 23
Let n = -1 - -2. Let g be 2/(n/((-20)/(-2))). Suppose -24 - g = -4*y. List the prime factors of y.
11
Let k = 10 + -6. Suppose -2*m - 296 = -5*c, 5*m + 232 = k*c + m. What are the prime factors of c?
2, 3, 5
Suppose -o - 1764 = -l, 2*o = -3*l - 323 - 3205. List the prime factors of 1/4 + (o/16)/(-7).
2
Suppose 15*x - 40 = 11*x. What are the prime factors of (-3)/5 - (-496)/x?
7
Let w(z) = -86*z + 64. What are the prime factors of w(-13)?
2, 3, 197
Let m(c) = c**3 - 8*c**2 + 8*c - 1. Let v be m(7). Let i be (-10 + 1)*(-2)/v. Suppose 5*y - 9 = -2*b, 3*y = -b + i*b + 15. List the prime factors of y.
3
Let s = 71 + -47. Suppose 5*y - s - 76 = 0. List the prime factors of y.
2, 5
Let c = -19 + 24. Suppose -p + 2 = 0, 3*t - 509 = -2*p + 65. Suppose 0*g - c*g + t = 0. List the prime factors of g.
2, 19
Suppose -5*m + 11*m = -42. Let q(a) = -a**3 - 6*a**2 - 7*a - 15. What are the prime factors of q(m)?
83
What are the prime factors of 8/(-52) + (-5 - 44126/(-26))?
2, 3, 47
Suppose -a = -4*y + 2711, 4*y = 4*a + 2037 + 671. What are the prime factors of y?
2, 3, 113
Let r be ((-7)/(-3))/(5/105) + 0. Let h = 117 - r. What are the prime factors of h?
2, 17
Let r be 39/12 + (-6)/(-8). Let p(g) = 45*g**3 + g**2 - g - 1. Let i be p(-1). List the prime factors of (i/(-33))/(r/6).
2
Let j(b) = 379*b**2 + 6*b + 17. What are the prime factors of j(-2)?
3, 13
Let p be 144/16 + (4 - 0). Suppose 12*b = p*b - 26. Let o = b + -16. List the prime factors of o.
2, 5
Suppose -d - d = 360. Let l be (8/(-6))/((-5)/d). List the prime factors of l/(-28) + 4/14.
2
Let s be 2/8 - (-21)/12. Suppose 3*f - 2*v = -2*f + 7, -s*v + 8 = 0. Suppose -f = -2*g + 17. List the prime factors of g.
2, 5
Suppose -2*r = 2*b - 3*b - 2, -4*b + 3*r = 3. Suppose 5*h + 62 - 12 = b. What are the prime factors of 5*1 - h/(-10)?
2
Suppose -16*m - 6 = -102. What are the prime factors of (m/4)/((-30)/(-3520))?
2, 11
Let w be (-4)/(2 + 518/(-258)). Suppose -4*r + 0*r + w = 0. What are the prime factors of r?
3, 43
Let k(s) = 3*s**2 + 13*s + 17. List the prime factors of k(-14).
3, 47
Let v = -40 + 15. Let o = v + 44. Let f = o - 13. List the prime factors of f.
2, 3
List the prime factors of 331/2 - (15/10 + -2).
2, 83
Suppose -2*c = -4*u + 2458, -3*u - c = -2*u - 622. List the prime factors of u.
617
Let z be (-171)/(-12) + 6/8. Let u = 74 - z. Suppose 0 = 3*v - 2*v - u. What are the prime factors of v?
59
Suppose -5*p + 308 + 97 = 0. What are the prime factors of p?
3
Suppose 5*w + 2*z = 5859, -5*w - 3504 = -8*w - 5*z. What are the prime factors of w?
3, 17, 23
Suppose -b - 3*f = -136, 0 = -b - 2*f - 2*f + 135. List the prime factors of b.
139
Let h be 1/5 - (-252)/(-60). Let m be ((-204)/(-8))/((-2)/h). Suppose -5*p = -3*z - 219, 3*z = -p - 18 + m. What are the prime factors of p?
2, 3, 7
Suppose 2*x + 1 + 5 = -5*u, -4*u + 3 = -x. Suppose 2*i + 5*p = 370, 3*p + 8 + 4 = u. What are the prime factors of i?
3, 5, 13
Suppose 0 = -4*q + 811 + 801. What are the prime factors of q?
13, 31
Let z = -43 - -604. What are the prime factors of z?
3, 11, 17
Let n(x) = -3*x**3 - 39*x**2 - 33*x - 32. List the prime factors of n(-16).
2, 5, 7
Let x = 1545 - 1125. List the prime factors of x.
2, 3, 5, 7
Let h(p) = p - 4. Let t be h(7). Suppose -v + t*v = -8, 0 = -2*a + v + 62. What are the prime factors of a?
29
Let q = 5 + 0. Suppose -7 + 21 = -q*c + 2*o, 0 = 3*c + 2*o + 2. What are the prime factors of c - 90/(-3 + 0)?
2, 7
Let u(a) = -a - 7. Let t be u(-9). Suppose 3*y - 66 = -3*c, -c + 0*c = t*y - 20. Suppose -4*b = -4*h - c, 2*h = -b + 6*b - 42. What are the prime factors of b?
2, 5
Suppose -56 = -3*p - 2*o, 3*p + 4*o - 32 = 2*p. Let x = p - 19. Let l = 15 + x. List the prime factors of l.
2, 3
Let r(v) = v**2 + 2*v + 9. List the prime factors of r(-5).
2, 3
Let k = -28 - -33. Suppose m = k*m - 196. List the prime factors of m.
7
Let x = 34 - 28. Suppose -156 = -x*m + 4*m. List the prime factors of m.
2, 3, 13
Suppose 0 = -15*z + 13*z + 106. Suppose z - 14 = r. List the prime factors of r.
3, 13
Suppose 3 = r - 2. Suppose 6 = -l - r. Let c = l + 17. What are the prime factors of c?
2, 3
Suppose 13*b = 7209 + 3204. What are the prime factors of b?
3, 89
Let a(x) = -x**2 - 7*x + 1. Let o = 2 + 6. Let m = 3 - o. List the prime factors of a(m).
11
Suppose 3*v + 5*m + 2 = 0, 13 = 5*v + 3*m - 5. List the prime factors of 3*(